{"id":77,"date":"2016-11-18T15:02:44","date_gmt":"2016-11-18T14:02:44","guid":{"rendered":"https:\/\/www.braunschweig-entdecken.de\/?page_id=77"},"modified":"2018-02-19T14:24:32","modified_gmt":"2018-02-19T13:24:32","slug":"gaestefuehrungen","status":"publish","type":"page","link":"https:\/\/www.braunschweig-entdecken.de\/?page_id=77","title":{"rendered":"G\u00e4stef\u00fchrungen"},"content":{"rendered":"<h4 style=\"text-align: left;\">Meine G\u00e4stef\u00fchrungen<\/h4>\n<p><a href=\"https:\/\/www.braunschweig-entdecken.de\/wp-content\/uploads\/2016\/11\/aktuelles_koenigliche_audienzen.jpg\"><img loading=\"lazy\" decoding=\"async\" class=\"alignleft wp-image-9\" src=\"https:\/\/www.braunschweig-entdecken.de\/wp-content\/uploads\/2016\/11\/aktuelles_koenigliche_audienzen.jpg\" alt=\"aktuelles_koenigliche_audienzen\" width=\"225\" height=\"300\" \/><\/a>Ob Stadtbesichtigungen im Kost\u00fcm, Rundfahrten im Oldtimerbus oder Erkundungen per Segway: Meine vielseitigen G\u00e4stef\u00fchrungen nehmen Sie mit auf eine historische Zeitreise in eine \u00fcber tausendj\u00e4hrige Stadtgeschichte und bieten Ihnen spannende Streifz\u00fcge zu Themen des aktuellen Zeitgeschehens.<\/p>\n<p>Lassen Sie sich zudem begeistern von situationsbezogenen und individuellen F\u00fchrungen im Rahmen eines Geburtstages oder Jubil\u00e4ums \u2013 die originelle Geschenkidee f\u00fcr alle Feiernden und ein unvergessliches Erlebnis f\u00fcr alle Gratulanten. Gerne bin ich Ihnen bei der Organisation Ihres Ehrentags-Events behilflich.<\/p>\n<p><a href=\"https:\/\/www.braunschweig-entdecken.de\/?page_id=539\"><img loading=\"lazy\" decoding=\"async\" class=\"alignnone wp-image-563 size-medium\" src=\"https:\/\/www.braunschweig-entdecken.de\/wp-content\/uploads\/2016\/11\/tickets_online_button-300x56.png\" alt=\"tickets_online_button\" width=\"300\" height=\"56\" srcset=\"https:\/\/www.braunschweig-entdecken.de\/wp-content\/uploads\/2016\/11\/tickets_online_button-300x56.png 300w, https:\/\/www.braunschweig-entdecken.de\/wp-content\/uploads\/2016\/11\/tickets_online_button.png 545w\" sizes=\"auto, (max-width: 300px) 100vw, 300px\" \/><\/a><\/p>\n<h5><\/h5>\n<h5>Zu folgenden Themen k\u00f6nnen Sie unter anderem F\u00fchrungen buchen:<\/h5>\n<ul>\n<li>Historische Stadtbesichtigung \u2013 \u00dcberblick \u00fcber 1000 Jahre Stadtgeschichte <a href=\"https:\/\/www.braunschweig-entdecken.de\/wp-content\/uploads\/2016\/11\/popup_hist_stadtbesichtigung.png\"><em>Weitere Infos<\/em><\/a><\/li>\n<li>Braunschweig, die Hansestadt \u2013 von Kaufleuten und Messen <a href=\"https:\/\/www.braunschweig-entdecken.de\/wp-content\/uploads\/2016\/11\/popup_hansestadt_neu.png\"><em>Weitere Infos<\/em><\/a><\/li>\n<li>Braunschweig als Residenzstadt \u2013 von der Burg Dankwarderode bis zur Residenz am Bohlweg <a href=\"https:\/\/www.braunschweig-entdecken.de\/wp-content\/uploads\/2016\/11\/popup_residenzstadt.png\"><em>Weitere Infos<\/em><\/a><\/li>\n<li>500 Jahre Reformationsjubil\u00e4um: Luthers Ideen und Bugenhagens Kirchenordnung <a href=\"https:\/\/www.braunschweig-entdecken.de\/wp-content\/uploads\/2016\/11\/popup_reformationsjubi.png\"><em>Weitere Infos<\/em><\/a><\/li>\n<li>Domf\u00fchrungen; Domkirche St. Blasii zu Braunschweig <a href=\"https:\/\/www.braunschweig-entdecken.de\/wp-content\/uploads\/2016\/11\/popup_domfuehrung.png\"><em>Weitere Infos<\/em><\/a><\/li>\n<li>Im Namen des Volkes; F\u00fchrung durch das historische Geb\u00e4ude des Landgerichts Braunschweig <a href=\"https:\/\/www.braunschweig-entdecken.de\/wp-content\/uploads\/2016\/11\/popup_gericht.png\"><em>Weitere Infos<\/em><\/a><\/li>\n<li>Stadionf\u00fchrungen; Braunschweiger Turn- u. Sportverein Eintracht 1895 e. V. \/ Eintracht Braunschweig GmbH &amp; Co. KGaA <a href=\"https:\/\/www.braunschweig-entdecken.de\/wp-content\/uploads\/2016\/11\/popup_stadion_historisch.png\"><em>Weitere Infos<\/em><\/a><\/li>\n<li>Stadtrundfahrt in eigenem Reisebus <a href=\"https:\/\/www.braunschweig-entdecken.de\/wp-content\/uploads\/2016\/11\/popup_reisebus_neu.png\"><em>Weitere Infos<\/em><\/a><\/li>\n<li>Rund um den Burgl\u00f6wen \u2013 auch als Weihnachtsmarktf\u00fchrung <a href=\"https:\/\/www.braunschweig-entdecken.de\/wp-content\/uploads\/2016\/11\/popup_burgplatz.png\"><em>Weitere Infos<\/em><\/a><\/li>\n<li>Segway-Touren <a href=\"https:\/\/www.braunschweig-entdecken.de\/wp-content\/uploads\/2016\/11\/popup_segway.png\"><em>Weitere Infos<\/em><\/a><\/li>\n<\/ul>\n<h5>Erlebnisf\u00fchrungen im Kost\u00fcm:<\/h5>\n<ul>\n<li>Welch\u2018 Eulenspiegelei \u2026 Hermen Bote und sein Schalk Till <a href=\"https:\/\/www.braunschweig-entdecken.de\/wp-content\/uploads\/2017\/11\/popup_eulenspiegel_neu.png\"><em>Weitere Infos<\/em><\/a><\/li>\n<li>Konrad Koch \u2013 Fu\u00dfball in Braunschweig seit 1874 <a href=\"https:\/\/www.braunschweig-entdecken.de\/wp-content\/uploads\/2016\/11\/popup_konrad_koch.png\"><em>Weitere Infos<\/em><\/a><\/li>\n<\/ul>\n<h5>Weitere Kost\u00fcmf\u00fchrungen in Kooperation mit Museen:<\/h5>\n<ul>\n<li>In der Schatzkammer \u2013 mit Herzog Carl I im Museum; Staatl. Naturhistorisches Museum <a href=\"https:\/\/www.braunschweig-entdecken.de\/wp-content\/uploads\/2016\/11\/popup_schatzkammer.png\"><em>Weitere Infos<\/em><\/a><\/li>\n<li>Auf den Spuren von Charles Darwin \u2013 zu Besuch im neuen Schaumagazin; Staatl. Naturhistorisches Museum <a href=\"https:\/\/www.braunschweig-entdecken.de\/wp-content\/uploads\/2016\/11\/popup_darwin.png\"><em>Weitere Infos<\/em><\/a><\/li>\n<li>Der Museumsdetektiv; Braunschweigisches Landesmuseum <a href=\"https:\/\/www.braunschweig-entdecken.de\/wp-content\/uploads\/2016\/11\/popup_bslm_kinderfuehrung.png\"><em>Weitere Infos<\/em><\/a><\/li>\n<li>F\u00fcrstliche Audienzen \u2013 Herzlich willkommen im Residenzschloss; Schlossmuseum <a href=\"https:\/\/www.braunschweig-entdecken.de\/wp-content\/uploads\/2016\/11\/popup_residenzschloss.png\"><em>Weitere Infos<\/em><\/a><\/li>\n<li>REVOLUTION 1918! August Merges und der Arbeiter- und Soldatenrat; Schlossmuseum <a href=\"https:\/\/www.braunschweig-entdecken.de\/wp-content\/uploads\/2016\/11\/popup_schlossmuseum_revolution.png\"><em>Weitere Infos<\/em><\/a><\/li>\n<li>Herzog Carl I und die Verlegung der Residenz nach Braunschweig; Schlossmuseum <a href=\"https:\/\/www.braunschweig-entdecken.de\/wp-content\/uploads\/2016\/11\/popup_schlossmuseum_herzog_carl.png\"><em>Weitere Infos<\/em><\/a><\/li>\n<\/ul>\n<h5>F\u00fchrungen in Kooperation mit der Braunschweig Stadtmarketing GmbH:<\/h5>\n<ul>\n<li>1000 Schritte Zeitreise \u2013 Von der Neuzeit ins Mittelalter <a href=\"https:\/\/www.braunschweig-entdecken.de\/wp-content\/uploads\/2016\/11\/popup_1000schritte_zeitreise.png\"><em>Weitere Infos<\/em><\/a><\/li>\n<li>Schloss Richmond <a href=\"https:\/\/www.braunschweig-entdecken.de\/wp-content\/uploads\/2016\/11\/popup_richmond.png\"><em>Weitere Infos<\/em><\/a><\/li>\n<li>Blick vom Rathausturm <a href=\"https:\/\/www.braunschweig-entdecken.de\/wp-content\/uploads\/2016\/11\/popup_rathausturm.png\"><em>Weitere Infos<\/em><\/a><\/li>\n<li>Stadtrundfahrt im Oldtimerbus <a href=\"https:\/\/www.braunschweig-entdecken.de\/wp-content\/uploads\/2016\/11\/popup_oldtimerbus.png\"><em>Weitere Infos<\/em><\/a><\/li>\n<li>Stra\u00dfenbahnfahrt <a href=\"https:\/\/www.braunschweig-entdecken.de\/wp-content\/uploads\/2016\/11\/popup_hist_strassenbahn.png\"><em>Weitere Infos<\/em><\/a><\/li>\n<\/ul>\n<h5>F\u00fchrungen\u00a0in Boot und Flo\u00df auf der Oker in Kooperation mit OkerTour:<\/h5>\n<ul>\n<li>Okerplausch \u201eLaubengeschichten und Villenpracht\u201c<\/li>\n<li>Die Oker \u2013 Lebensnerv und Reiseweg der Handelskaufleute<\/li>\n<\/ul>\n<h5>F\u00fchrungen\u00a0in Boot und Flo\u00df auf der Oker in Kooperation mit\u00a0Flussgenuss:<\/h5>\n<p>Ist das Passende f\u00fcr Sie nicht dabei? Gerne erhalten Sie von mir auch eine ma\u00dfgeschneiderte F\u00fchrung zu Ihrem individuellen Wunschthema \u2013\u00a0<a href=\"https:\/\/www.braunschweig-entdecken.de\/?page_id=87\">Z\u00f6gern Sie bitte nicht, mich direkt anzusprechen.<\/a><\/p>\n<p>Ich freue mich auf Ihre Nachricht!<\/p>\n<p><a href=\"https:\/\/www.braunschweig-entdecken.de\/?page_id=539\"><img loading=\"lazy\" decoding=\"async\" class=\"alignnone wp-image-563 size-medium\" src=\"https:\/\/www.braunschweig-entdecken.de\/wp-content\/uploads\/2016\/11\/tickets_online_button-300x56.png\" alt=\"tickets_online_button\" width=\"300\" height=\"56\" srcset=\"https:\/\/www.braunschweig-entdecken.de\/wp-content\/uploads\/2016\/11\/tickets_online_button-300x56.png 300w, https:\/\/www.braunschweig-entdecken.de\/wp-content\/uploads\/2016\/11\/tickets_online_button.png 545w\" sizes=\"auto, (max-width: 300px) 100vw, 300px\" \/><\/a><\/p>\n<p>&nbsp;<\/p>\n<p><a href=\"http:\/\/www.3landesmuseen.de\/braunschweigisches-landesmuseum.183.0.html\" target=\"_blank\"><img loading=\"lazy\" decoding=\"async\" class=\"wp-image-186 size-full\" src=\"https:\/\/www.braunschweig-entdecken.de\/wp-content\/uploads\/2016\/11\/logo_braunschweigisches_landesmuseum.png\" alt=\"logo_braunschweigisches_landesmuseum\" width=\"193\" height=\"50\" \/><\/a><a href=\"https:\/\/www.braunschweig-entdecken.de\/wp-content\/uploads\/2016\/11\/logo_braunschweigisches_landesmuseum.png\">\u00a0\u00a0<\/a><a href=\"http:\/\/www.3landesmuseen.de\/staatliches-naturhistorisches-museum.322.0.html\" target=\"_blank\"><img loading=\"lazy\" decoding=\"async\" class=\"alignnone wp-image-185 size-full\" src=\"https:\/\/www.braunschweig-entdecken.de\/wp-content\/uploads\/2016\/11\/logo_naturhistorisches_museum.png\" alt=\"logo_naturhistorisches_museum\" width=\"178\" height=\"50\" \/><\/a>\u00a0 \u00a0\u00a0<a href=\"http:\/\/www.schlossmuseum-braunschweig.de\/\" target=\"_blank\"><img loading=\"lazy\" decoding=\"async\" class=\"alignnone wp-image-177 size-full\" src=\"https:\/\/www.braunschweig-entdecken.de\/wp-content\/uploads\/2016\/11\/logo_schlossmuseum.png\" alt=\"logo_schlossmuseum\" width=\"203\" height=\"50\" \/><\/a>\u00a0\u00a0<a href=\"http:\/\/www.landgericht-braunschweig.de\/\" target=\"_blank\"><img loading=\"lazy\" decoding=\"async\" class=\"alignnone wp-image-184 size-full\" src=\"https:\/\/www.braunschweig-entdecken.de\/wp-content\/uploads\/2016\/11\/logo_landgericht_braunschweig.png\" alt=\"logo_landgericht_braunschweig\" width=\"257\" height=\"50\" \/><\/a>\u00a0\u00a0\u00a0\u00a0<a href=\"http:\/\/www.flussgenuss.eu\/\" target=\"_blank\"><img loading=\"lazy\" decoding=\"async\" class=\"alignnone wp-image-183 size-full\" src=\"https:\/\/www.braunschweig-entdecken.de\/wp-content\/uploads\/2016\/11\/logo_flussgenuss.png\" alt=\"logo_flussgenuss\" width=\"75\" height=\"50\" \/><\/a>\u00a0\u00a0<a href=\"http:\/\/www.okertour.de\/homepage\/\" target=\"_blank\"><img loading=\"lazy\" decoding=\"async\" class=\"alignnone wp-image-182 size-full\" src=\"https:\/\/www.braunschweig-entdecken.de\/wp-content\/uploads\/2016\/11\/logo_okertour.png\" alt=\"logo_okertour\" width=\"223\" height=\"50\" \/><\/a>\u00a0\u00a0<a href=\"http:\/\/6-way.de\/\" target=\"_blank\"><img loading=\"lazy\" decoding=\"async\" class=\"alignnone wp-image-364\" src=\"https:\/\/www.braunschweig-entdecken.de\/wp-content\/uploads\/2016\/11\/logo_6-way_braunschweig_komplett.png\" alt=\"logo_6-way_braunschweig_komplett\" width=\"133\" height=\"50\" srcset=\"https:\/\/www.braunschweig-entdecken.de\/wp-content\/uploads\/2016\/11\/logo_6-way_braunschweig_komplett.png 400w, https:\/\/www.braunschweig-entdecken.de\/wp-content\/uploads\/2016\/11\/logo_6-way_braunschweig_komplett-300x113.png 300w\" sizes=\"auto, (max-width: 133px) 100vw, 133px\" \/><\/a>\u00a0 <a href=\"http:\/\/www.eintracht.com\/start\/\"><img loading=\"lazy\" decoding=\"async\" class=\"alignnone wp-image-301\" src=\"https:\/\/www.braunschweig-entdecken.de\/wp-content\/uploads\/2016\/11\/logo_eintracht_16-17-300x250.jpg\" alt=\"logo_eintracht_16-17\" width=\"60\" height=\"50\" srcset=\"https:\/\/www.braunschweig-entdecken.de\/wp-content\/uploads\/2016\/11\/logo_eintracht_16-17-300x250.jpg 300w, https:\/\/www.braunschweig-entdecken.de\/wp-content\/uploads\/2016\/11\/logo_eintracht_16-17-768x640.jpg 768w, https:\/\/www.braunschweig-entdecken.de\/wp-content\/uploads\/2016\/11\/logo_eintracht_16-17.jpg 960w\" sizes=\"auto, (max-width: 60px) 100vw, 60px\" \/><\/a>\u00a0\u00a0<a href=\"http:\/\/www.braunschweigerdom.de\/dom\/layout_storage\/index.php\" target=\"_blank\"><img loading=\"lazy\" decoding=\"async\" class=\"alignnone wp-image-179 size-full\" src=\"https:\/\/www.braunschweig-entdecken.de\/wp-content\/uploads\/2016\/11\/logo_braunschweiger_dom.png\" alt=\"logo_braunschweiger_dom\" width=\"47\" height=\"50\" \/><\/a>\u00a0\u00a0<a href=\"http:\/\/www.braunschweig.de\/politik_verwaltung\/fb_institutionen\/staedtische_gesellschaften\/bsmportal\/\"><img loading=\"lazy\" decoding=\"async\" class=\"alignnone size-full wp-image-178\" src=\"https:\/\/www.braunschweig-entdecken.de\/wp-content\/uploads\/2016\/11\/logo_bs_stadtmarketing.png\" alt=\"logo_bs_stadtmarketing\" width=\"172\" height=\"50\" \/><\/a><a href=\"http:\/\/www.braunschweig.de\/politik_verwaltung\/fb_institutionen\/staedtische_gesellschaften\/bsmportal\/\" target=\"_blank\"><br \/>\n<\/a><\/p>\n","protected":false},"excerpt":{"rendered":"<p>Meine G\u00e4stef\u00fchrungen Ob Stadtbesichtigungen im Kost\u00fcm, Rundfahrten im Oldtimerbus oder Erkundungen per Segway: Meine vielseitigen G\u00e4stef\u00fchrungen nehmen Sie mit auf eine historische Zeitreise in eine \u00fcber tausendj\u00e4hrige Stadtgeschichte und bieten Ihnen spannende Streifz\u00fcge zu Themen des aktuellen Zeitgeschehens. Lassen Sie &hellip; <a class=\"more-link\" href=\"https:\/\/www.braunschweig-entdecken.de\/?page_id=77\">Weiterlesen <span class=\"meta-nav\">&rarr;<\/span><\/a><\/p>\n","protected":false},"author":1,"featured_media":0,"parent":0,"menu_order":0,"comment_status":"closed","ping_status":"closed","template":"","meta":{"footnotes":""},"class_list":["post-77","page","type-page","status-publish","hentry"],"aioseo_notices":[],"_links":{"self":[{"href":"https:\/\/www.braunschweig-entdecken.de\/index.php?rest_route=\/wp\/v2\/pages\/77","targetHints":{"allow":["GET"]}}],"collection":[{"href":"https:\/\/www.braunschweig-entdecken.de\/index.php?rest_route=\/wp\/v2\/pages"}],"about":[{"href":"https:\/\/www.braunschweig-entdecken.de\/index.php?rest_route=\/wp\/v2\/types\/page"}],"author":[{"embeddable":true,"href":"https:\/\/www.braunschweig-entdecken.de\/index.php?rest_route=\/wp\/v2\/users\/1"}],"replies":[{"embeddable":true,"href":"https:\/\/www.braunschweig-entdecken.de\/index.php?rest_route=%2Fwp%2Fv2%2Fcomments&post=77"}],"version-history":[{"count":26,"href":"https:\/\/www.braunschweig-entdecken.de\/index.php?rest_route=\/wp\/v2\/pages\/77\/revisions"}],"predecessor-version":[{"id":567,"href":"https:\/\/www.braunschweig-entdecken.de\/index.php?rest_route=\/wp\/v2\/pages\/77\/revisions\/567"}],"wp:attachment":[{"href":"https:\/\/www.braunschweig-entdecken.de\/index.php?rest_route=%2Fwp%2Fv2%2Fmedia&parent=77"}],"curies":[{"name":"wp","href":"https:\/\/api.w.org\/{rel}","templated":true}]}}