{"id":79,"date":"2016-11-18T15:03:02","date_gmt":"2016-11-18T14:03:02","guid":{"rendered":"https:\/\/www.braunschweig-entdecken.de\/?page_id=79"},"modified":"2018-01-18T17:04:49","modified_gmt":"2018-01-18T16:04:49","slug":"ueber-mich","status":"publish","type":"page","link":"https:\/\/www.braunschweig-entdecken.de\/?page_id=79","title":{"rendered":"\u00dcber mich"},"content":{"rendered":"<h4>Das bin ich<\/h4>\n<div id=\"attachment_200\" style=\"width: 232px\" class=\"wp-caption alignleft\"><img loading=\"lazy\" decoding=\"async\" aria-describedby=\"caption-attachment-200\" class=\"size-medium wp-image-200\" src=\"https:\/\/www.braunschweig-entdecken.de\/wp-content\/uploads\/2016\/11\/mwb-222x300.jpg\" alt=\"Mario Wenzel-Becker, Foto: Artmann\" width=\"222\" height=\"300\" srcset=\"https:\/\/www.braunschweig-entdecken.de\/wp-content\/uploads\/2016\/11\/mwb-222x300.jpg 222w, https:\/\/www.braunschweig-entdecken.de\/wp-content\/uploads\/2016\/11\/mwb.jpg 768w, https:\/\/www.braunschweig-entdecken.de\/wp-content\/uploads\/2016\/11\/mwb-758x1024.jpg 758w\" sizes=\"auto, (max-width: 222px) 100vw, 222px\" \/><p id=\"caption-attachment-200\" class=\"wp-caption-text\">Mario Wenzel-Becker, Foto: Artmann<\/p><\/div>\n<p>Mein breit gef\u00e4chertes Interesse an Kultur, Politik und Religion zieht sich wie ein roter Faden durch mein bisheriges Leben. Hierbei standen f\u00fcr mich Vielf\u00e4ltigkeit und Flexibilit\u00e4t sowie Offenheit, Toleranz und Weitblick im Spiegel der Geschichte stets im Vordergrund.<\/p>\n<p>1974 in Marburg (Lahn) geboren, im dortigen Umland sowie Dillenburg aufgewachsen, besuchte ich nach der Schullaufbahn in Hanau (Main) die Staatliche Zeichenakademie. Nach meinem Abschluss als Goldschmied und Schmuckdesigner gewann ich hauptberuflich Einblicke in eine traditionsreiche Privatbank. Dar\u00fcber hinaus f\u00fcgte sich eine T\u00e4tigkeit als Bestatter an, welche ich bereits w\u00e4hrend meiner Ausbildungszeit in Hanau nebenbei aus\u00fcbte.<\/p>\n<p>Mit einem Engagement als TourGuide auf der &#8222;Expo 2000&#8220; in Hannover verschlug es mich mit der Jahrtausendwende in Deutschlands Norden. Seitdem wohne ich im sch\u00f6nen Braunschweig, wo mein vielseitiges Wirken im Jahr 2001 mit der ersten F\u00fchrung im Braunschweigischen Landesmuseum seinen Anfang nahm. Ein weiterer H\u00f6hepunkt meiner beruflichen Laufbahn war zweifelsohne die Auszeichnung zum Zertifizierten G\u00e4stef\u00fchrer (IHK) im Jahr 2009\/10 und der gleichzeitige Sprung in die freiberufliche T\u00e4tigkeit.<\/p>\n<p>Ferner bereichert ehrenamtliches Engagement mein Leben, z. B. im Landeskirchlichen Archiv, als Pr\u00e4dikant der Ev.-luth. Landeskirche in Braunschweig sowie mit einer Sch\u00f6ffent\u00e4tigkeit am Amtsgericht Braunschweig (Abt. Jugendsch\u00f6ffengericht).<\/p>\n","protected":false},"excerpt":{"rendered":"<p>Das bin ich Mein breit gef\u00e4chertes Interesse an Kultur, Politik und Religion zieht sich wie ein roter Faden durch mein bisheriges Leben. Hierbei standen f\u00fcr mich Vielf\u00e4ltigkeit und Flexibilit\u00e4t sowie Offenheit, Toleranz und Weitblick im Spiegel der Geschichte stets im &hellip; <a class=\"more-link\" href=\"https:\/\/www.braunschweig-entdecken.de\/?page_id=79\">Weiterlesen <span class=\"meta-nav\">&rarr;<\/span><\/a><\/p>\n","protected":false},"author":1,"featured_media":0,"parent":0,"menu_order":0,"comment_status":"closed","ping_status":"closed","template":"","meta":{"footnotes":""},"class_list":["post-79","page","type-page","status-publish","hentry"],"aioseo_notices":[],"_links":{"self":[{"href":"https:\/\/www.braunschweig-entdecken.de\/index.php?rest_route=\/wp\/v2\/pages\/79","targetHints":{"allow":["GET"]}}],"collection":[{"href":"https:\/\/www.braunschweig-entdecken.de\/index.php?rest_route=\/wp\/v2\/pages"}],"about":[{"href":"https:\/\/www.braunschweig-entdecken.de\/index.php?rest_route=\/wp\/v2\/types\/page"}],"author":[{"embeddable":true,"href":"https:\/\/www.braunschweig-entdecken.de\/index.php?rest_route=\/wp\/v2\/users\/1"}],"replies":[{"embeddable":true,"href":"https:\/\/www.braunschweig-entdecken.de\/index.php?rest_route=%2Fwp%2Fv2%2Fcomments&post=79"}],"version-history":[{"count":2,"href":"https:\/\/www.braunschweig-entdecken.de\/index.php?rest_route=\/wp\/v2\/pages\/79\/revisions"}],"predecessor-version":[{"id":201,"href":"https:\/\/www.braunschweig-entdecken.de\/index.php?rest_route=\/wp\/v2\/pages\/79\/revisions\/201"}],"wp:attachment":[{"href":"https:\/\/www.braunschweig-entdecken.de\/index.php?rest_route=%2Fwp%2Fv2%2Fmedia&parent=79"}],"curies":[{"name":"wp","href":"https:\/\/api.w.org\/{rel}","templated":true}]}}

Über mich

<h4>Das bin ich</h4>
<div id="attachment_200" style="width: 232px" class="wp-caption alignleft"><img loading="lazy" decoding="async" aria-describedby="caption-attachment-200" class="size-medium wp-image-200" src="https://www.braunschweig-entdecken.de/wp-content/uploads/2016/11/mwb-222x300.jpg" alt="Mario Wenzel-Becker, Foto: Artmann" width="222" height="300" srcset="https://www.braunschweig-entdecken.de/wp-content/uploads/2016/11/mwb-222x300.jpg 222w, https://www.braunschweig-entdecken.de/wp-content/uploads/2016/11/mwb.jpg 768w, https://www.braunschweig-entdecken.de/wp-content/uploads/2016/11/mwb-758x1024.jpg 758w" sizes="auto, (max-width: 222px) 100vw, 222px" /><p id="caption-attachment-200" class="wp-caption-text">Mario Wenzel-Becker, Foto: Artmann</p></div>
<p>Mein breit gefächertes Interesse an Kultur, Politik und Religion zieht sich wie ein roter Faden durch mein bisheriges Leben. Hierbei standen für mich Vielfältigkeit und Flexibilität sowie Offenheit, Toleranz und Weitblick im Spiegel der Geschichte stets im Vordergrund.</p>
<p>1974 in Marburg (Lahn) geboren, im dortigen Umland sowie Dillenburg aufgewachsen, besuchte ich nach der Schullaufbahn in Hanau (Main) die Staatliche Zeichenakademie. Nach meinem Abschluss als Goldschmied und Schmuckdesigner gewann ich hauptberuflich Einblicke in eine traditionsreiche Privatbank. Darüber hinaus fügte sich eine Tätigkeit als Bestatter an, welche ich bereits während meiner Ausbildungszeit in Hanau nebenbei ausübte.</p>
<p>Mit einem Engagement als TourGuide auf der &#8222;Expo 2000&#8220; in Hannover verschlug es mich mit der Jahrtausendwende in Deutschlands Norden. Seitdem wohne ich im schönen Braunschweig, wo mein vielseitiges Wirken im Jahr 2001 mit der ersten Führung im Braunschweigischen Landesmuseum seinen Anfang nahm. Ein weiterer Höhepunkt meiner beruflichen Laufbahn war zweifelsohne die Auszeichnung zum Zertifizierten Gästeführer (IHK) im Jahr 2009/10 und der gleichzeitige Sprung in die freiberufliche Tätigkeit.</p>
<p>Ferner bereichert ehrenamtliches Engagement mein Leben, z. B. im Landeskirchlichen Archiv, als Prädikant der Ev.-luth. Landeskirche in Braunschweig sowie mit einer Schöffentätigkeit am Amtsgericht Braunschweig (Abt. Jugendschöffengericht).</p>

<p>Das bin ich Mein breit gefächertes Interesse an Kultur, Politik und Religion zieht sich wie ein roter Faden durch mein bisheriges Leben. Hierbei standen für mich Vielfältigkeit und Flexibilität sowie Offenheit, Toleranz und Weitblick im Spiegel der Geschichte stets im &hellip; <a class="more-link" href="https://www.braunschweig-entdecken.de/?page_id=79">Weiterlesen <span class="meta-nav">&rarr;</span></a></p>
